{"id":539,"date":"2023-02-25T21:04:38","date_gmt":"2023-02-25T20:04:38","guid":{"rendered":"http:\/\/idm314.es\/?page_id=539"},"modified":"2023-02-25T21:04:39","modified_gmt":"2023-02-25T20:04:39","slug":"acta-del-jurado","status":"publish","type":"page","link":"https:\/\/idm2023.fespm.es\/index.php\/acta-del-jurado\/","title":{"rendered":"Acta del jurado"},"content":{"rendered":"\n<div class=\"wp-block-cover alignfull has-background-dim\" style=\"background-image:url(http:\/\/idm314.es\/wp-content\/uploads\/2021\/11\/college-student-2052868_1280.jpg);min-height:200px\"><div class=\"wp-block-cover__inner-container\">\n<p class=\"has-text-align-left has-large-font-size\"><strong>Acta del jurado<\/strong><\/p>\n<\/div><\/div>\n\n\n\n<div style=\"height:30px\" aria-hidden=\"true\" class=\"wp-block-spacer\"><\/div>\n\n\n\n<h3><strong>ACTA DEL JURADO CORRESPONDIENTE A LOS CONCURSOS CONVOCADOS CON MOTIVO DEL D\u00cdA INTERNACIONAL DE LAS MATEM\u00c1TICAS 2023<\/strong><\/h3>\n\n\n\n<p>Una vez evaluados todos los trabajos recibidos para los distintos concursos convocados con motivo de la celebraci\u00f3n del D\u00eda Internacional de las Matem\u00e1ticas 2023, el jurado propuesto por la Comisi\u00f3n de Educaci\u00f3n del Comit\u00e9 Espa\u00f1ol de Matem\u00e1ticas, ha acordado:<\/p>\n\n\n\n<ol type=\"1\"><li>Conceder el premio del concurso de comic convocado para alumnado de Educaci\u00f3n Primaria al trabajo \u00a0presentado por Jes\u00fas Blanco Rejo, de 4\u00ba curso del CEIP La Esperanza de Sevilla.<\/li><li>Conceder los premios del concurso de relatos convocado para el alumnado de Educaci\u00f3n Secundaria y de Ciclos de Grado Medio a los siguientes trabajos: <ol><li>Modalidad 1\u00ba y 2\u00ba de ESO: \u201cQuerido yo\u201d \u00a0presentado por Paula Cubero Santiago, alumna de 2\u00ba de ESO del IES Grupo C\u00e1ntico de C\u00f3rdoba.<\/li><li>Modalidad 3\u00ba, 4\u00ba de ESO y Ciclos de Grado Medio: \u201cMatem\u00e1ticas para todos, como las manzanas\u201d presentado por Zaira S\u00e1nchez G\u00f3mez, alumna de 4\u00ba de ESO del CDI Virgen de Gracia de Granada.<\/li><\/ol><\/li><li>Conceder el premio del concurso de v\u00eddeos convocado para el alumnado de Bachillerato y de Ciclos de Grado Superior al v\u00eddeo \u201cMatem\u00e1ticas para todos\u201d presentado por la alumna \u00c1ngeles Garc\u00eda-Luengo Garc\u00eda-Consuegra de 1\u00ba de Bachillerato del IES Ojos del Guadiana de Daimiel (Ciudad Real).<\/li><li>Conceder a Ana M. Pilar Mart\u00edn Puebla y a Gema R. Quintana Portilla, profesoras del IES Montesclaros de Reinosa (Cantabria), el premio del concurso de materiales y recursos did\u00e1cticos por su trabajo \u201cUna aproximaci\u00f3n metodol\u00f3gica a la ense\u00f1anza de las matem\u00e1ticas a trav\u00e9s de las canciones\u201d<\/li><\/ol>\n\n\n\n<p>El jurado agradece y felicita a todos los participantes en las distintas modalidades de los concursos convocados para la celebraci\u00f3n del D\u00eda Internacional de las Matem\u00e1ticas.<\/p>\n\n\n\n<p>En And\u00fajar (Ja\u00e9n) a 23 de febrero de 2023.<\/p>\n\n\n\n<p>Agust\u00edn Carrillo de Albornoz Torres<\/p>\n\n\n\n<p>Presidente de la Comisi\u00f3n de Educaci\u00f3n del CEMat<\/p>\n\n\n\n<p>Secretario general de la FESPM<\/p>\n","protected":false},"excerpt":{"rendered":"<p>ACTA DEL JURADO CORRESPONDIENTE A LOS CONCURSOS CONVOCADOS CON MOTIVO DEL D\u00cdA INTERNACIONAL DE LAS MATEM\u00c1TICAS 2023 Una vez evaluados todos los trabajos recibidos para los distintos concursos convocados con motivo de la celebraci\u00f3n del D\u00eda Internacional de las Matem\u00e1ticas 2023, el jurado propuesto por la Comisi\u00f3n de Educaci\u00f3n del Comit\u00e9 Espa\u00f1ol de Matem\u00e1ticas, ha&hellip;&nbsp;<a href=\"https:\/\/idm2023.fespm.es\/index.php\/acta-del-jurado\/\" class=\"\" rel=\"bookmark\">Leer m\u00e1s &raquo;<span class=\"screen-reader-text\">Acta del jurado<\/span><\/a><\/p>\n","protected":false},"author":2,"featured_media":0,"parent":0,"menu_order":0,"comment_status":"closed","ping_status":"closed","template":"","meta":{"neve_meta_sidebar":"full-width","neve_meta_container":"","neve_meta_enable_content_width":"on","neve_meta_content_width":100,"neve_meta_title_alignment":"","neve_meta_author_avatar":"","neve_post_elements_order":"","neve_meta_disable_header":"","neve_meta_disable_footer":"","neve_meta_disable_title":"on"},"_links":{"self":[{"href":"https:\/\/idm2023.fespm.es\/index.php\/wp-json\/wp\/v2\/pages\/539"}],"collection":[{"href":"https:\/\/idm2023.fespm.es\/index.php\/wp-json\/wp\/v2\/pages"}],"about":[{"href":"https:\/\/idm2023.fespm.es\/index.php\/wp-json\/wp\/v2\/types\/page"}],"author":[{"embeddable":true,"href":"https:\/\/idm2023.fespm.es\/index.php\/wp-json\/wp\/v2\/users\/2"}],"replies":[{"embeddable":true,"href":"https:\/\/idm2023.fespm.es\/index.php\/wp-json\/wp\/v2\/comments?post=539"}],"version-history":[{"count":1,"href":"https:\/\/idm2023.fespm.es\/index.php\/wp-json\/wp\/v2\/pages\/539\/revisions"}],"predecessor-version":[{"id":540,"href":"https:\/\/idm2023.fespm.es\/index.php\/wp-json\/wp\/v2\/pages\/539\/revisions\/540"}],"wp:attachment":[{"href":"https:\/\/idm2023.fespm.es\/index.php\/wp-json\/wp\/v2\/media?parent=539"}],"curies":[{"name":"wp","href":"https:\/\/api.w.org\/{rel}","templated":true}]}}