{"id":50,"date":"2019-12-19T10:24:07","date_gmt":"2019-12-19T10:24:07","guid":{"rendered":"http:\/\/idm314.webenrevision.com\/?page_id=50"},"modified":"2023-02-02T15:35:19","modified_gmt":"2023-02-02T14:35:19","slug":"estudiantes","status":"publish","type":"page","link":"https:\/\/idm2023.fespm.es\/index.php\/concursos\/estudiantes\/","title":{"rendered":"Estudiantes"},"content":{"rendered":"\n<div class=\"wp-block-cover alignfull has-background-dim\" style=\"background-image:url(http:\/\/idm314.es\/wp-content\/uploads\/2021\/11\/pencils-6099511_1280.jpg);min-height:150px\"><div class=\"wp-block-cover__inner-container\">\n<p class=\"has-text-align-left has-large-font-size\"><strong>Estudiantes<\/strong><\/p>\n<\/div><\/div>\n\n\n\n<div style=\"height:30px\" aria-hidden=\"true\" class=\"wp-block-spacer\"><\/div>\n\n\n<h2>Bases del Concurso para Estudiantes<\/h2>\n<p><strong>Objeto de la convocatoria<\/strong><\/p>\n<p>La Comisi\u00f3n de Educaci\u00f3n del Comit\u00e9 Espa\u00f1ol de Matem\u00e1ticas como organizadora del D\u00eda Internacional de las Matem\u00e1ticas 2023,\u00a0 convocan distintos concursos dirigidos al alumnado de los diferentes \u00a0niveles educativos, con las matem\u00e1ticas como protagonista.<\/p>\n<p><strong>Participantes<\/strong><br \/>Podr\u00e1 participar el alumnado de cualquier nivel educativo de cualquier centro del \u00e1mbito del territorio del estado espa\u00f1ol y se establecer\u00e1n distintas modalidades.<\/p>\n<p>La participaci\u00f3n podr\u00e1 ser a t\u00edtulo individual o en equipo. Todos los participantes deber\u00e1n estar cursando el mismo nivel por el que participan.<\/p>\n<p>El env\u00edo de trabajos se realizar\u00e1 a trav\u00e9s del formulario establecido para cada modalidad.<\/p>\n<p><strong>El plazo para el env\u00edo de trabajos finaliza el 12 de febrero de 2023, a las 23:59 horas.<\/strong><\/p>\n<p><img loading=\"lazy\" class=\"alignnone wp-image-386 size-full\" src=\"http:\/\/idm314.es\/wp-content\/uploads\/2021\/11\/idm-ph-02.jpg\" alt=\"\" width=\"800\" height=\"533\" srcset=\"https:\/\/idm2023.fespm.es\/wp-content\/uploads\/2021\/11\/idm-ph-02.jpg 800w, https:\/\/idm2023.fespm.es\/wp-content\/uploads\/2021\/11\/idm-ph-02-300x200.jpg 300w, https:\/\/idm2023.fespm.es\/wp-content\/uploads\/2021\/11\/idm-ph-02-768x512.jpg 768w\" sizes=\"(max-width: 800px) 100vw, 800px\" \/><\/p>\n<h2>Modalidades<\/h2>\n<ul>\n<li><strong>C\u00f3mics<\/strong> (solo para alumnado de Educaci\u00f3n Primaria): (4 p\u00e1ginas A4 como m\u00e1ximo), relacionado con el lema del IDM 2023 que es \u00abMatem\u00e1ticas para todo el mundo\u00bb. Los trabajos se presentar\u00e1n en formato pdf, incluyendo un t\u00edtulo para el c\u00f3mic.<\/li>\n<li><strong>Relatos<\/strong> (solo para alumnado de Educaci\u00f3n Secundaria Obligatoria y Ciclos de Grado Medio): (hasta 1000 palabras), El contenido ser\u00e1 sobre el lema del IDM 2023 que puede ser una ficci\u00f3n o un papel protagonista relacionado con el lema ya mencionado para el D\u00eda Internacional de las Matem\u00e1ticas 2023. Debe presentarse en un archivo PDF, incluyendo un t\u00edtulo para el relato. Dentro de esta modalidad se establecen dos categor\u00edas:<\/li>\n<\/ul>\n<ul>\n<li style=\"list-style-type: none;\">\n<ul>\n<li>1\u00ba y 2\u00ba de ESO<\/li>\n<li>3\u00ba y 4\u00ba\u00a0 de ESO y Ciclos Formativos de Grado Medio<\/li>\n<\/ul>\n<\/li>\n<li><strong>V\u00eddeos<\/strong> (solo para alumnado de Bachillerato, Ciclos Formativos de Grado Superior y Educaci\u00f3n de Personas Adultas) (de 3 minutos como m\u00e1ximo), bien de divulgaci\u00f3n o de ficci\u00f3n cuyo contenido est\u00e9 relacionado con el lema del D\u00eda Internacional de las Matem\u00e1ticas 2023. Deben subirse (ocultos) \u00a0a Youtube, enviando el correspondiente enlace.<\/li>\n<\/ul>\n<h2 style=\"text-align: center;\"><a href=\"https:\/\/forms.gle\/ked2WwKgb2SksZ6y9\">Quiero Participar<\/a><\/h2>\n<h2>Entrega de premios<\/h2>\n<p>La entrega de premios se realizar\u00e1 en el evento \u201c<strong>D\u00eda Internacional de las Matem\u00e1ticas<\/strong>\u201d, que en 2023 se celebrar\u00e1 en Madrid en lugar y horario que se publicar\u00e1 en esta web.<\/p>\n<p>El comit\u00e9 organizador financiar\u00e1 el desplazamiento, as\u00ed como el alojamiento del estudiante ganador en cada una de las modalidades m\u00e1s un acompa\u00f1ante (persona adulta para los ganadores menores de edad).<\/p>\n\n\n<p><strong><span style=\"color: #cc0000;\" class=\"has-inline-color\">Los ganadores recibir\u00e1n como premios una tablet, una calculadora y un lote de libros.<\/span><\/strong><\/p>\n","protected":false},"excerpt":{"rendered":"<p>Bases del Concurso para Estudiantes Objeto de la convocatoria La Comisi\u00f3n de Educaci\u00f3n del Comit\u00e9 Espa\u00f1ol de Matem\u00e1ticas como organizadora del D\u00eda Internacional de las Matem\u00e1ticas 2023,\u00a0 convocan distintos concursos dirigidos al alumnado de los diferentes \u00a0niveles educativos, con las matem\u00e1ticas como protagonista. ParticipantesPodr\u00e1 participar el alumnado de cualquier nivel educativo de cualquier centro del&hellip;&nbsp;<a href=\"https:\/\/idm2023.fespm.es\/index.php\/concursos\/estudiantes\/\" class=\"\" rel=\"bookmark\">Leer m\u00e1s &raquo;<span class=\"screen-reader-text\">Estudiantes<\/span><\/a><\/p>\n","protected":false},"author":2,"featured_media":58,"parent":46,"menu_order":0,"comment_status":"closed","ping_status":"closed","template":"","meta":{"neve_meta_sidebar":"full-width","neve_meta_container":"","neve_meta_enable_content_width":"off","neve_meta_content_width":0,"neve_meta_title_alignment":"","neve_meta_author_avatar":"","neve_post_elements_order":"","neve_meta_disable_header":"","neve_meta_disable_footer":"","neve_meta_disable_title":"on"},"_links":{"self":[{"href":"https:\/\/idm2023.fespm.es\/index.php\/wp-json\/wp\/v2\/pages\/50"}],"collection":[{"href":"https:\/\/idm2023.fespm.es\/index.php\/wp-json\/wp\/v2\/pages"}],"about":[{"href":"https:\/\/idm2023.fespm.es\/index.php\/wp-json\/wp\/v2\/types\/page"}],"author":[{"embeddable":true,"href":"https:\/\/idm2023.fespm.es\/index.php\/wp-json\/wp\/v2\/users\/2"}],"replies":[{"embeddable":true,"href":"https:\/\/idm2023.fespm.es\/index.php\/wp-json\/wp\/v2\/comments?post=50"}],"version-history":[{"count":23,"href":"https:\/\/idm2023.fespm.es\/index.php\/wp-json\/wp\/v2\/pages\/50\/revisions"}],"predecessor-version":[{"id":522,"href":"https:\/\/idm2023.fespm.es\/index.php\/wp-json\/wp\/v2\/pages\/50\/revisions\/522"}],"up":[{"embeddable":true,"href":"https:\/\/idm2023.fespm.es\/index.php\/wp-json\/wp\/v2\/pages\/46"}],"wp:featuredmedia":[{"embeddable":true,"href":"https:\/\/idm2023.fespm.es\/index.php\/wp-json\/wp\/v2\/media\/58"}],"wp:attachment":[{"href":"https:\/\/idm2023.fespm.es\/index.php\/wp-json\/wp\/v2\/media?parent=50"}],"curies":[{"name":"wp","href":"https:\/\/api.w.org\/{rel}","templated":true}]}}