{"id":419,"date":"2022-02-15T20:20:29","date_gmt":"2022-02-15T19:20:29","guid":{"rendered":"http:\/\/idm314.es\/?page_id=419"},"modified":"2023-03-02T15:25:46","modified_gmt":"2023-03-02T14:25:46","slug":"conferencias-y-talleres","status":"publish","type":"page","link":"https:\/\/idm2023.fespm.es\/index.php\/conferencias-y-talleres\/","title":{"rendered":"Conferencias y talleres"},"content":{"rendered":"\n<div class=\"wp-block-cover alignfull has-background-dim\" style=\"background-image:url(https:\/\/idm314.es\/wp-content\/uploads\/2022\/02\/workshops-3527974_1280.jpg);background-position:53% 59%;min-height:200px\"><div class=\"wp-block-cover__inner-container\">\n<p class=\"has-text-align-left has-large-font-size\"><strong>Conferencias y talleres<\/strong><\/p>\n<\/div><\/div>\n\n\n\n<div style=\"height:30px\" aria-hidden=\"true\" class=\"wp-block-spacer\"><\/div>\n\n\n\n<p>El objetivo de este programa de conferencias y talleres es promover que el profesorado conecte su aula para participar en directo con su alumnado. Todas las actividades se realizar\u00e1n de forma virtual a trav\u00e9s del enlace:<\/p>\n\n\n\n<p class=\"has-text-align-center\"><a href=\"https:\/\/us06web.zoom.us\/j\/89200527028\"><strong>https:\/\/us06web.zoom.us\/j\/89200527028<\/strong><\/a><\/p>\n\n\n\n<h3><strong>Lunes, 6 de marzo<\/strong><\/h3>\n\n\n\n<p><strong>10:00<\/strong> <strong>\u201cUn mundo fractal\u00bb<\/strong><br>Nivel al que va dirigido: 1\u00ba ESO<br>Carmen Perea Marco. Universidad Miguel Hern\u00e1ndez-MUDIC<\/p>\n\n\n\n<p><strong>12:00<\/strong> <strong>\u201cMates \u00a1SI que puedes!\u00bb<\/strong><br>Nivel al que va dirigido: ESO<br>Elena V\u00e1zquez Abal. CITMAga (USC)<\/p>\n\n\n\n<h3>Martes, 7 de marzo<\/h3>\n\n\n\n<p><strong>10:00<\/strong> <strong>\u201cPaseo aleatorio por los estudios de Neurogen\u00e9tica\u201d<\/strong><br>Nivel al que va dirigido: 3\u00ba, 4\u00ba de ESO y Bachillerato<br>Natalia Vilor-Tejedor. BarcelonaBeta Brain Research Center<\/p>\n\n\n\n<p><strong>12:00 \u201cMatem\u00e1ticas y arte\u201d<\/strong><br>Nivel al que va dirigido: 3\u00ba, 4\u00ba ESO y Bachillerato.<br>Luis R\u00e1ndez. Universidad de Zaragoza.<\/p>\n\n\n\n<h3>Mi\u00e9rcoles, 8 de marzo<\/h3>\n\n\n\n<p><strong>10:00 \u201cMatem\u00e1ticas en papel\u201d<\/strong><br>Nivel al que va dirigido: 4\u00ba ESO y Bachillerato<br>Philippe Gim\u00e9nez. Universidad de Valladolid.<\/p>\n\n\n\n<p><strong>12:00 \u201cMatem\u00e1ticas como aprendizaje servicio: Proyecto DUBINI\u201c<\/strong><br>Nivel al que va dirigido: 4\u00ba ESO<br>Juan Francisco Falc\u00f3n Le\u00f3n y M\u00e9rari Afonso Socas<\/p>\n\n\n\n<h3>Jueves, 9 de marzo<\/h3>\n\n\n\n<p><strong>10:00 \u201cCuentos matem\u00e1ticos para tod@s\u201d<\/strong><br>Nivel al que va dirigido: Primaria<br>Paula L\u00f3pez Serentill. Universidad de Girona<\/p>\n\n\n\n<p><strong>12:00 \u201cMatem\u00e1ticas para codificar el universo\u201d<\/strong><br>Nivel al que va dirigido: 3\u00ba y 4\u00ba ESO, 1\u00ba Bachillerato<br>Isabel Cordero. Universidad de Valencia<\/p>\n\n\n\n<h3>Martes, 14 de marzo. Acto de clausura del D\u00eda Internacional de las Matem\u00e1ticas<\/h3>\n\n\n\n<p>10:00. Universidad Complutense. Madrid<br>Acto entrega de premios concursos convocados para el alumnado y el profesorado<\/p>\n\n\n\n<div style=\"height:30px\" aria-hidden=\"true\" class=\"wp-block-spacer\"><\/div>\n\n\n<h2><span style=\"color: #008080;\">Convoca<\/span><\/h2>\n<p><a href=\"https:\/\/matematicas.uclm.es\/cemat\" target=\"_blank\" rel=\"noopener noreferrer\"><img loading=\"lazy\" class=\"alignnone wp-image-95 size-full\" src=\"http:\/\/idm314.es\/wp-content\/uploads\/2019\/12\/cemat_portada.png\" alt=\"\" width=\"500\" height=\"250\" srcset=\"https:\/\/idm2023.fespm.es\/wp-content\/uploads\/2019\/12\/cemat_portada.png 500w, https:\/\/idm2023.fespm.es\/wp-content\/uploads\/2019\/12\/cemat_portada-300x150.png 300w\" sizes=\"(max-width: 500px) 100vw, 500px\" \/><\/a><\/p>\n<h2><span style=\"color: #008080;\">Organizan<\/span><\/h2>\n<p><a href=\"https:\/\/fespm.es\" target=\"_blank\" rel=\"noopener noreferrer\"><img loading=\"lazy\" class=\"alignnone wp-image-93 size-full\" src=\"http:\/\/idm314.es\/wp-content\/uploads\/2019\/12\/images.png\" alt=\"\" width=\"313\" height=\"161\" srcset=\"https:\/\/idm2023.fespm.es\/wp-content\/uploads\/2019\/12\/images.png 313w, https:\/\/idm2023.fespm.es\/wp-content\/uploads\/2019\/12\/images-300x154.png 300w\" sizes=\"(max-width: 313px) 100vw, 313px\" \/><img loading=\"lazy\" class=\"alignnone size-full wp-image-477\" src=\"http:\/\/idm314.es\/wp-content\/uploads\/2022\/10\/seio-e1666598511878.png\" alt=\"SEIO\" width=\"225\" height=\"225\"><img loading=\"lazy\" class=\"alignnone  wp-image-508\" src=\"http:\/\/idm314.es\/wp-content\/uploads\/2022\/10\/logoIMI-nuevo.jpg\" alt=\"\" width=\"162\" height=\"195\" srcset=\"https:\/\/idm2023.fespm.es\/wp-content\/uploads\/2022\/10\/logoIMI-nuevo.jpg 2064w, https:\/\/idm2023.fespm.es\/wp-content\/uploads\/2022\/10\/logoIMI-nuevo-250x300.jpg 250w, https:\/\/idm2023.fespm.es\/wp-content\/uploads\/2022\/10\/logoIMI-nuevo-852x1024.jpg 852w, https:\/\/idm2023.fespm.es\/wp-content\/uploads\/2022\/10\/logoIMI-nuevo-768x923.jpg 768w, https:\/\/idm2023.fespm.es\/wp-content\/uploads\/2022\/10\/logoIMI-nuevo-1278x1536.jpg 1278w, https:\/\/idm2023.fespm.es\/wp-content\/uploads\/2022\/10\/logoIMI-nuevo-1704x2048.jpg 1704w\" sizes=\"(max-width: 162px) 100vw, 162px\" \/><\/a><\/p>\n<p><\/p>\n<h2><span style=\"color: #008080;\">Colaboran<\/span><\/h2>\n<p><img loading=\"lazy\" class=\"alignnone wp-image-347 size-full\" src=\"http:\/\/idm314.es\/wp-content\/uploads\/2021\/01\/logo-casio-division-educativa-ogp-e1677354869657.png\" alt=\"\" width=\"450\" height=\"194\" srcset=\"https:\/\/idm2023.fespm.es\/wp-content\/uploads\/2021\/01\/logo-casio-division-educativa-ogp-e1677354869657.png 450w, https:\/\/idm2023.fespm.es\/wp-content\/uploads\/2021\/01\/logo-casio-division-educativa-ogp-e1677354869657-300x129.png 300w\" sizes=\"(max-width: 450px) 100vw, 450px\" \/><img loading=\"lazy\" class=\"size-full wp-image-531 alignnone\" src=\"http:\/\/idm314.es\/wp-content\/uploads\/2023\/02\/fundacion-gadea-logo.png\" alt=\"\" width=\"324\" height=\"155\" srcset=\"https:\/\/idm2023.fespm.es\/wp-content\/uploads\/2023\/02\/fundacion-gadea-logo.png 324w, https:\/\/idm2023.fespm.es\/wp-content\/uploads\/2023\/02\/fundacion-gadea-logo-300x144.png 300w\" sizes=\"(max-width: 324px) 100vw, 324px\" \/><\/p>\n<p><\/p>","protected":false},"excerpt":{"rendered":"<p>El objetivo de este programa de conferencias y talleres es promover que el profesorado conecte su aula para participar en directo con su alumnado. Todas las actividades se realizar\u00e1n de forma virtual a trav\u00e9s del enlace: https:\/\/us06web.zoom.us\/j\/89200527028 Lunes, 6 de marzo 10:00 \u201cUn mundo fractal\u00bbNivel al que va dirigido: 1\u00ba ESOCarmen Perea Marco. Universidad Miguel&hellip;&nbsp;<a href=\"https:\/\/idm2023.fespm.es\/index.php\/conferencias-y-talleres\/\" class=\"\" rel=\"bookmark\">Leer m\u00e1s &raquo;<span class=\"screen-reader-text\">Conferencias y talleres<\/span><\/a><\/p>\n","protected":false},"author":2,"featured_media":0,"parent":0,"menu_order":0,"comment_status":"closed","ping_status":"closed","template":"","meta":{"neve_meta_sidebar":"full-width","neve_meta_container":"","neve_meta_enable_content_width":"on","neve_meta_content_width":100,"neve_meta_title_alignment":"","neve_meta_author_avatar":"","neve_post_elements_order":"","neve_meta_disable_header":"","neve_meta_disable_footer":"","neve_meta_disable_title":"on"},"_links":{"self":[{"href":"https:\/\/idm2023.fespm.es\/index.php\/wp-json\/wp\/v2\/pages\/419"}],"collection":[{"href":"https:\/\/idm2023.fespm.es\/index.php\/wp-json\/wp\/v2\/pages"}],"about":[{"href":"https:\/\/idm2023.fespm.es\/index.php\/wp-json\/wp\/v2\/types\/page"}],"author":[{"embeddable":true,"href":"https:\/\/idm2023.fespm.es\/index.php\/wp-json\/wp\/v2\/users\/2"}],"replies":[{"embeddable":true,"href":"https:\/\/idm2023.fespm.es\/index.php\/wp-json\/wp\/v2\/comments?post=419"}],"version-history":[{"count":11,"href":"https:\/\/idm2023.fespm.es\/index.php\/wp-json\/wp\/v2\/pages\/419\/revisions"}],"predecessor-version":[{"id":544,"href":"https:\/\/idm2023.fespm.es\/index.php\/wp-json\/wp\/v2\/pages\/419\/revisions\/544"}],"wp:attachment":[{"href":"https:\/\/idm2023.fespm.es\/index.php\/wp-json\/wp\/v2\/media?parent=419"}],"curies":[{"name":"wp","href":"https:\/\/api.w.org\/{rel}","templated":true}]}}